1000000 (base 3) in base 9?
21000
-161 (base 12) to base 14
-117
What is -951 (base 12) in base 10?
-1357
What is 102102 (base 3) in base 4?
10310
21a (base 14) to base 6
1532
-1301013 (base 4) to base 2
-1110001000111
-18855 (base 10) to base 8
-44647
-24518 (base 9) to base 11
-11404
Convert -102000021 (base 3) to base 14.
-2cd4
Convert -a8aa (base 11) to base 5.
-430043
Convert -1133010 (base 4) to base 16.
-17c4
-45f (base 16) to base 6
-5103
-111731 (base 8) to base 11
-26489
-2311 (base 5) to base 16
-14b
Convert -11012021 (base 4) to base 2.
-101000110001001
Convert 1bd (base 14) to base 12.
263
-30515 (base 7) to base 8
-16444
Convert -12211 (base 5) to base 6.
-4151
What is -13718 (base 11) in base 10?
-19500
What is -403113 (base 5) in base 9?
-18632
734 (base 16) to base 2
11100110100
Convert cfe1 (base 16) to base 7.
311103
Convert -23cb (base 15) to base 9.
-11402
521 (base 6) to base 15
cd
Convert -300333 (base 4) to base 12.
-1993
12461 (base 8) to base 12
3181
-1225 (base 7) to base 8
-714
Convert -501 (base 7) to base 14.
-138
What is 43005 (base 7) in base 14?
3c3c
What is -1316 (base 10) in base 13?
-7a3
Convert 16b42 (base 12) to base 9.
48815
What is 256432 (base 7) in base 11?
32a92
What is 230336 (base 7) in base 5?
2302431
What is 1139 (base 11) in base 10?
1494
1dda (base 15) to base 5
202010
What is -241 (base 5) in base 8?
-107
Convert -132010 (base 4) to base 16.
-784
Convert -5791 (base 10) to base 14.
-2179
Convert -340343 (base 7) to base 8.
-165453
What is -245 (base 16) in base 8?
-1105
What is -4332 (base 6) in base 7?
-2615
Convert 1430 (base 7) to base 11.
46a
-1012200 (base 3) to base 5
-12012
What is -502 (base 11) in base 13?
-379
What is -1011000000 (base 2) in base 3?
-222002
What is 104313 (base 5) in base 11?
2871
What is 14b5 (base 13) in base 7?
11544
736 (base 8) to base 12
33a
What is 1728 (base 13) in base 6?
23450
What is -1116 (base 13) in base 12?
-1469
What is -107a6 (base 14) in base 5?
-2234214
Convert -1041 (base 7) to base 2.
-101110100
4092 (base 13) to base 16
22cb
What is -5075 (base 13) in base 7?
-44210
Convert 10201 (base 3) to base 16.
64
What is 7468 (base 9) in base 4?
1111301
Convert 25cc (base 13) to base 14.
1d83
-1221202 (base 3) to base 14
-73a
Convert -2a3 (base 12) to base 5.
-3121
What is 131270 (base 8) in base 3?
2022202112
-100000111101 (base 2) to base 10
-2109
What is -30b61 (base 12) in base 2?
-1111100101111001
What is -b3 (base 12) in base 2?
-10000111
Convert -106154 (base 7) to base 3.
-221222222
453 (base 13) to base 14
3b2
Convert 11100111100 (base 2) to base 9.
2477
What is -13110 (base 4) in base 6?
-2100
Convert 5420 (base 6) to base 15.
576
What is 146 (base 9) in base 12?
a3
What is -55102 (base 6) in base 10?
-7598
What is -100265 (base 8) in base 11?
-22834
Convert -3109 (base 13) to base 7.
-25510
2173 (base 10) to base 8
4175
Convert -5407 (base 8) to base 3.
-10212120
-2434 (base 6) to base 14
-30a
-1525 (base 6) to base 4
-12131
What is 1212 (base 12) in base 5?
31110
Convert 11001001 (base 2) to base 15.
d6
What is -7978 (base 10) in base 14?
-2c9c
What is 375a (base 12) in base 13?
2b09
4a02 (base 12) to base 13
3a58
What is 130516 (base 7) in base 11?
17262
-6478 (base 11) to base 5
-233210
Convert -17425 (base 14) to base 10.
-58441
Convert -7647 (base 14) to base 8.
-47737
Convert -707 (base 8) to base 16.
-1c7
Convert 663 (base 9) to base 13.
32a
Convert ad7 (base 16) to base 11.
20a3
5301 (base 6) to base 15
544
Convert 3513 (base 7) to base 16.
504
What is -331 (base 14) in base 15?
-2c1
-1d2 (base 16) to base 5
-3331
1314221 (base 5) to base 12
131a2
-1222 (base 5) to base 12
-137
What is 1357 (base 9) in base 15?
484
Convert -39c (base 14) to base 4.
-23112
Convert 32311130 (base 4) to base 15.
1300e
What is -20212 (base 4) in base 3?
-202101
Convert -235 (base 15) to base 12.
-358
Convert 1e3 (base 16) to base 2.
111100011
14174 (base 9) to base 12
56a1
Convert -3862 (base 13) to base 5.
-224043
66333 (base 8) to base 12
14163
Convert -1001001101001110 (base 2) to base 11.
-26372
21422 (base 5) to base 3
2001002
Convert -31322 (base 4) to base 14.
-478
48016 (base 9) to base 10
32091
-64 (base 13) to base 6
-214
-24202 (base 7) to base 10
-6274
-38019 (base 11) to base 12
-27713
What is -21485 (base 9) in base 3?
-201112212
Convert -640 (base 11) to base 5.
-11040
bd8 (base 15) to base 13
12b0
18933 (base 11) to base 2
110011100101110
What is -10030 (base 10) in base 4?
-2130232
What is -322420 (base 7) in base 12?
-28587
Convert -1110000111100 (base 2) to base 10.
-7228
What is -2001 (base 3) in base 9?
-61
What is 5ec (base 16) in base 2?
10111101100
a1c (base 15) to base 9
3110
Convert 1a9 (base 11) to base 8.
360
Convert -a31 (base 12) to base 6.
-10501
Convert -3233 (base 6) to base 16.
-2e5
What is 60406 (base 7) in base 11?
aa80
Convert 405 (base 10) to base 5.
3110
Convert 2000200 (base 3) to base 15.
686
What is 4958 (base 13) in base 2?
10100010001110
Convert 1010000 (base 3) to base 2.
1100101010
What is -124851 (base 9) in base 4?
-102200011
Convert 2277 (base 9) to base 16.
69a
Convert 200210 (base 3) to base 5.
4012
What is -4003 (base 6) in base 3?
-1012010
-25444 (base 6) to base 4
-330010
What is 1132104 (base 5) in base 12?
10120
What is 340 (base 12) in base 14?
264
-304 (base 7) to base 12
-107
263 (base 13) to base 6
1535
Convert -238 (base 11) to base 12.
-1b7
What is -12 (base 9) in base 12?
-b
What is 1033 (base 15) in base 7?
12660
Convert 50777 (base 9) to base 2.
1000001010100010
What is -946 (base 12) in base 8?
-2506
What is -5a1 (base 14) in base 5?
-13441
Convert 15645 (base 7) to base 13.
203a
11562 (base 7) to base 6
22013
What is -8a7b (base 12) in base 15?
-483e
1285 (base 9) to base 11
800
What is -21110120 (base 3) in base 2?
-1010101000010
Convert 12311002 (base 4) to base 7.
144355
Convert -25a92 (base 12) to base 7.
-303422
728b (base 12) to base 3
122010122
What is 7a1 (base 14) in base 13?
8c5
-140 (base 5) to base 12
-39
Convert -13346 (base 7) to base 9.
-4852
Convert -51330 (base 8) to base 12.
-10334
3bc (base 15) to base 13
507
What is 55 (base 8) in base 11?
41
What is 1a1 (base 12) in base 5?
2030
Convert 31b (base 12) to base 2.
111000111
Convert -20401 (base 5) to base 7.
-3640
What is -2222143 (base 5) in base 14?
-10332
1231 (base 7) to base 3
122011
244 (base 7) to base 12
aa
What is 38991 (base 10) in base 7?
221451
Convert -236d (base 14) to base 6.
-44325
Convert -146 (base 16) to base 15.
-16b
Convert 29bf (base 16) to base 4.
2212333
What is 247 (base 10) in base 4?
3313
13203000 (base 4) to base 5
1442122
-108 (base 13) to base 9
-216
What is 1780 (base 11) in base 16?
8da
-14816 (base 13) to base 12
-1a4a8
What is 100111000 (base 2) in base 5?
2222
Convert -13033 (base 4) to base 7.
-1231
Convert 100101100111111 (base 2) to base 14.
703d
What is -442 (base 9) in base 3?
-111102
-3688 (base 15) to base 4
-2311103
Convert 1202 (base 3) to base 7.
65
Convert 20022 (base 4) to base 16.
20a
30520 (base 6) to base 3
12121010
-1200210 (base 3) to base 9
-1623
Convert -1420231 (base 5) to base 2.
-111001100000001
-1110100011011 (base 2) to base 4
-1310123
What is -10405 (base 6) in base 7?
-4133
Convert -7649 (base 12) to base 4.
-3023121
What is 1ddd (base 15) in base 11?
4987
What is -828 (base 10) in base 6?
-3500
-722 (base 8) to base 7
-1234
What is 15a (base 11) in base 15?
c6
What is -631 (base 13) in base 4?
-100132
What is 11050 (base 8) in base 10?
4648
What is a33f (base 16) in base 9?
63284
Convert -333446 (base 7) to base 8.
-163003
What is -14c5 (base 13) in base 15?
-d74
414 (base 7) to base 10
207
What is 1000110000 (base 2) in base 11?
46a
Convert -447 (base 12) to base 11.
-524
Convert 34f7 (base 16) to base 9.
20535
Convert 33666 (base 8) to base 11.
a796
1021133 (base 4) to base 9
6405
-100010110010110 (base 2) to base 15
-5429
Convert -130 (base 12) to base 15.
-c0
What is 38a1 (base 11) in base 5?
130242
Convert 93 (base 14) to base 12.
a9
1134 (base 10) to base 2
10001101110
1000111010110000 (base 2) to base 16
8eb0
6000 (base 9) to base 4
1010112
What is 6456 (base 9) in base 8?
11215
Convert -a88b (base 12) to base 16.
-486b
Convert 1011120 (base 3) to base